i. Let h be x(2). What are the prime factors of 78/9 + (-2)/h?
3
Let h = -3 + 4. Let i(v) = 5*v**2 - v. Let u be i(h). Suppose -2*w - 3*w + 40 = -4*j, 0 = -3*w - u*j + 56. List the prime factors of w.
2, 3
Suppose 4 = -2*o + 4*o. Let k = -7 + 12. Suppose -3*b - 2*b + 23 = -o*i, k*b + 2*i = 7. List the prime factors of b.
3
Let m be (-2)/(-7) - 397/(-7). Let k = m - 30. What are the prime factors of k?
3
Suppose 0 = 5*g + 5*t - 120, 2*g - 4*t - 48 = -t. What are the prime factors of g?
2, 3
Let u(w) be the first derivative of -2*w**3 - 5*w + 5/2*w**2 - 1/4*w**4 + 2. What are the prime factors of u(-7)?
3
Let h(t) = t**3 - 3*t**2 + 3*t - 2. Let d be h(3). Suppose d = q + 4. Suppose -p = -5 + q, 3*p = k - 11. List the prime factors of k.
17
Suppose -2*f + f = 243. What are the prime factors of (5/3)/((-9)/f)?
3, 5
Let i be 2 + 1 + -2 + 1. Suppose 0 + i = v. Suppose 0 = -v*f + 17 - 5. List the prime factors of f.
2, 3
Suppose -120 = 4*a - 4*j, 5 + 25 = -a - 5*j. Let i be -15*3/(a/(-4)). What are the prime factors of (-19)/(-3) + 2/i?
2, 3
Suppose 0 = -7*j + 3*j + 108. Let d = j - 45. List the prime factors of (d/8)/((-6)/24).
3
Let o(b) = b**3 - 6*b**2 - 5*b. Suppose 3*a = a - 28. Let m be ((-7)/a)/((-2)/(-28)). What are the prime factors of o(m)?
2, 7
Let t(k) = k**3 - k**2 - 8*k + 26. List the prime factors of t(3).
2, 5
Let o be (5 - 2) + 6/3. Suppose -q - l + 10 = 0, o*l + 40 = 2*q + 2*q. What are the prime factors of (8/q)/((-12)/(-30))?
2
Let p be -1 - 1 - (0 - 5). Suppose -p*m - 2*m + 95 = 0. What are the prime factors of m?
19
Suppose -4*j + 5*r = -365, 2*j - 5*r - 37 - 148 = 0. What are the prime factors of j?
2, 3, 5
Let i(k) = -4*k**3 - 2*k**2 + 1. Let p be i(-1). Suppose 0*f - f = -2*j + 23, p*j - 4*f = 27. List the prime factors of j.
13
Let q(b) = -b**3 + 3*b - 3. Let j be q(2). Let u(t) = t**2 + 3*t - 1. What are the prime factors of u(j)?
3
Let t = -21 - -42. List the prime factors of t.
3, 7
Let r(u) = -10*u - u + 3 - 4 + 2*u. List the prime factors of r(-4).
5, 7
What are the prime factors of (124 + -2)*(-2)/(-4) + -1?
2, 3, 5
Let g(a) = a**3 - 4*a**2 + 5*a - 4. Let i be g(2). What are the prime factors of (-2 - -9) + i + -1?
2
Suppose f - 5*f + 8 = 0. Let w = 8 - 8. Suppose 0 = -3*l - 15, w = -0*t + f*t + 5*l + 1. List the prime factors of t.
2, 3
Let t be 8/(-12) + 17/3. Suppose -l + 4*z = 4*l - 4, 12 = -2*l + t*z. Suppose 5*i = -2*y + 9, -3*i - l*y - 3 = -0. List the prime factors of i.
3
Let d(l) = l**3 - l**2 - 14*l + 31. What are the prime factors of d(7)?
227
Let l be 3/(-2*2/(-52)). Let r = l - 27. List the prime factors of r.
2, 3
Let i = 80 - -43. List the prime factors of i.
3, 41
Let c = -1 - 1. List the prime factors of (0 + c)*(-104)/16.
13
Let w(c) = -c**2 + 9*c + 1. Let t be w(10). Let g = t + 18. List the prime factors of g.
3
Let x = 148 - 88. What are the prime factors of x?
2, 3, 5
Suppose -57 = -i - 15. Let n = i - 17. List the prime factors of n.
5
Let o(p) = -p**3 + 5*p**2 - 2*p + 2. Suppose 7*f - 3*f - 16 = 0. What are the prime factors of o(f)?
2, 5
Suppose 2*p + 5*m = -0*p + 113, 0 = -5*p - 3*m + 311. Let z = 111 - p. List the prime factors of z.
47
Suppose -4*f = -5*p + 145, -p - 2*p - 2*f = -87. Let m = -14 + p. Suppose 5*n = m + 20. List the prime factors of n.
7
Suppose -250 = 5*c + 2*d + 3*d, 2*c - 5*d = -135. Let i = -20 - c. What are the prime factors of i?
5, 7
Let x be 2 - -23 - (-2)/(-2). Let i = 7 + x. What are the prime factors of i?
31
Suppose -3*c + 34 = d, -c = -5*d - 0 + 10. What are the prime factors of -40*1/(c/(-4))?
2
Let d be 0/(-4*1 - -2). Suppose 2*b - b = d. Suppose b*y - 4*y = -24. List the prime factors of y.
2, 3
Suppose 0 = a - w - 76, w + 3 = 4*w. What are the prime factors of a?
7, 11
Let v(s) = s + 7. Let q(p) = 2*p + 13. Let z(w) = 3*q(w) - 5*v(w). List the prime factors of z(5).
3
Suppose -5*a + 4 = -6. Suppose -2 = -4*l + 18. Suppose 0*n - a*m = -3*n + 50, 5*m + l = 0. List the prime factors of n.
2
Let k = 193 + -112. List the prime factors of k.
3
Let y(i) = 3*i**2 + 4*i + 3. Let u = 1 - 5. Let s = u - -2. List the prime factors of y(s).
7
Suppose 5*h - 2*q = 2*q + 44, -3*h + q + 25 = 0. Suppose 3*m - 4*w - 49 = 0, 5*m + w - 43 = h. List the prime factors of m.
11
List the prime factors of (4/3)/(6/9).
2
Let p(l) = l**3 - 4*l**2 - 4*l - 2. Let h be p(5). Suppose 6*d = d - 5*r - 20, 4*r + 16 = d. Suppose -h*g + 5*g - 4 = d. List the prime factors of g.
2
Let l = -16 - -31. Suppose -l = -5*z + 25. What are the prime factors of z?
2
Suppose 3*p - 566 = 2*n, 5*n = -5*p + 1081 - 171. What are the prime factors of p?
2, 3, 31
List the prime factors of 281/8 + 11/(-88).
5, 7
List the prime factors of 42 - (4 - 0/(-3)).
2, 19
Suppose -2*t = -4*t + 2*l + 284, -5*l = 2*t - 291. Suppose 5*i = -38 + t. Suppose -3*y - 3*d = 2*d - i, 0 = -3*d. What are the prime factors of y?
7
Let m = -13 + 27. List the prime factors of m.
2, 7
Suppose -x - 6 = 2*x. List the prime factors of x/8 - (-45)/20.
2
Let b(i) = -2*i**3 - 3*i**2 - 2*i - 3. Let c be b(-2). Suppose 8*k - 21 = c*k. List the prime factors of k.
7
Let d be (-2)/7 + 80/(-14). List the prime factors of 32/18 - d/27.
2
Let s(a) = a - 1. Let g(j) = -7*j + 3. Let z(q) = -g(q) - 6*s(q). What are the prime factors of z(4)?
7
Let h = 89 - 45. Suppose 4*d - 4 - h = 0. What are the prime factors of d?
2, 3
Let d(l) = -9*l**2 + 9*l - 9. Let w(g) = 5*g**2 - 5*g + 5. Let m(a) = -4*d(a) - 7*w(a). What are the prime factors of m(2)?
3
Suppose 4*q = -2 + 14. Suppose 0 = 4*d + q*j - 68, -d + 2*j = -6 - 0. What are the prime factors of d?
2, 7
Let s be 10/3*42/(-35). List the prime factors of (-4)/s + 17/1.
2, 3
Let v(i) = 4*i**2 + i - 1. Let k be v(1). Suppose 3 = j - t - 5, -2 = 2*j + k*t. Suppose -18 = -j*h + 12. List the prime factors of h.
2, 3
Let v = 7 + -2. Suppose -w - v = 0, y + 5*w = 1 - 10. What are the prime factors of y?
2
Suppose 4*s + 23 = -2*g - 3, -s - 4*g + 4 = 0. Let a = 22 + s. List the prime factors of a.
2, 7
Suppose 40 = 21*p - 17*p. What are the prime factors of p?
2, 5
Suppose 6 - 30 = -4*z. List the prime factors of (-2)/z - (-350)/15.
23
Let g be (-6)/(-2)*8/6. Suppose 25 = -5*r, -2*v - 2*r = -g*r - 14. Suppose -2*p - j + 20 = -v*j, -4*p + j = -38. What are the prime factors of p?
3
Suppose 2*b - 5*i + 24 = 0, 5*b - 2*i = -7*i + 10. List the prime factors of 9*2*b/(-4).
3
Let g(w) = -w - 11. Let a be g(-8). What are the prime factors of a/(-15) + 268/10?
3
Let r(s) = s + 4. Let n(d) = d - 1. Let b(a) = 3*a + 7. Let z(t) = -b(t) + 2*n(t). Let l be z(-7). List the prime factors of r(l).
2
Suppose -4*o + 5*s = -7, -3*s + 9 + 3 = 3*o. Let i(l) = 16 + 2*l**2 - 6 - o*l**2. What are the prime factors of i(0)?
2, 5
Suppose 9*s + 12 = 12*s. Suppose u - s = 4*f - 14, 16 = 4*f. What are the prime factors of u?
2, 3
Let q(k) = -k**2 - 14*k - 10. What are the prime factors of q(-10)?
2, 3, 5
Let p(i) = 2*i + 5. Let r be p(-4). Let c = 3 + r. What are the prime factors of c - 1 - (-1 - 2)?
2
Suppose b + 2*p + 49 = 0, 2*b + 62 = 2*p - 36. What are the prime factors of (b/(-14))/((-1)/(-6))?
3, 7
Let c = -2 - -2. Suppose -2*o + 7*o - 10 = c. Suppose -o*x + 4*a + 6 = 0, 0 = -2*x - 2*x + 4*a + 20. What are the prime factors of x?
7
Let w(l) = l**3 - 9*l**2 + 11*l - 12. Let p be w(8). List the prime factors of 3/(9/p) + 2.
2, 3
Suppose 0 = z + 3*q - 15, -3*z + q - 3 = -2*q. Suppose 6 = -z*o + 117. Let x = -20 + o. What are the prime factors of x?
17
Let j be (-9)/(15/(-6) + 1). Let f be j/(-9) + (-7)/3. List the prime factors of (2*f)/((-4)/6).
3
Let v(r) be the second derivative of 0 - 2*r + 15/2*r**2 + 1/20*r**5 - 1/12*r**4 - 1/6*r**3. List the prime factors of v(0).
3, 5
Suppose -q - 4*t + 7*t = -216, 0 = 3*q - t - 640. List the prime factors of q.
3, 71
Let z = -5 - -7. Let x(h) = -4 - 3*h + h**3 - 2*h**3 + h**z - 5*h**2. What are the prime factors of x(-4)?
2
Let y be (3/(-9))/((-1)/3). Suppose -q + 5 - y = x, 2*x - 2 = q. What are the prime factors of 3 - x - (-10 + 2)?
3
What are the prime factors of (28 + (-4)/(-2))*8/16?
3, 5
Suppose 2*c - 5*o = 16, 3*o + 16 = 4. Let h be (-45)/(-6) - (-3)/c. Suppose h*f - 27 = 3*f. List the prime factors of f.
3
Let s(g) = 30*g**2 - 2*g - 1. What are the prime factors of s(-1)?
31
Let x be